-24 - y. Calculate the greatest common divisor of 99 and p.
33
Suppose 3*m - 8 = m. Suppose -3*i = -m*i + 28. Let p(g) = 5*g - 55. Let d be p(25). Calculate the highest common factor of i and d.
14
Suppose b - 4*m + 6*m = -1, 5*b - 2*m = 19. Suppose 15*l - 14 = 13*l. Let u = l - b. What is the highest common factor of 6 and u?
2
Suppose 0*l = 5*p - 4*l - 38, -p + 4*l - 2 = 0. Let o(b) = -2*b - 2 + 6 + 1 + 7*b. Let q be o(4). What is the highest common factor of p and q?
5
Suppose -s + 8 = 3*s. Suppose -5*x - s*w + 65 = 0, 4*w - 28 = -5*x + 27. Let a = x + 5. Calculate the highest common divisor of a and 4.
4
Suppose -17*m = -m - 784. Calculate the greatest common factor of 14 and m.
7
Let a(g) = -2*g**2 + 125*g - 141. Let s be a(55). What is the greatest common factor of s and 285?
57
Let a = -165 - -399. Calculate the highest common factor of a and 18.
18
Let t be 35/28 - (-6)/8. Let y be -70*(t - (-5)/(-2)). What is the greatest common factor of 5 and y?
5
Let c be (-1)/(24/26 - 1). Let i be ((-3)/(18/16))/((-32)/48). Suppose 0 = 5*y - i*y - 13. What is the greatest common factor of y and c?
13
Let h be (-75 - -75) + (379 - 2/1). What is the greatest common factor of h and 116?
29
Suppose 0 = 4*i + 299 - 315. Suppose i*u + 5*y - 40 = 87, -33 = -u - y. Calculate the highest common divisor of u and 418.
38
Suppose 24 = -2*f + 3*f. Suppose 0 = j - 3*d, 0 = 3*j - 0*d - d - f. Calculate the highest common factor of 36 and j.
9
Let y be (4*4/(-4 + -4))/(-2). Calculate the greatest common divisor of y and 7.
1
Let n(y) = -y**2 + 29*y - 15. Let s be n(27). Calculate the greatest common factor of 143 and s.
13
Suppose 13*y = 14*y - 3. Suppose 3*o - 3*s - 542 = 2*s, 2*o + y*s - 393 = 0. What is the greatest common factor of 21 and o?
21
Let l(f) = -f**2 + 3*f + 10. Let u be l(5). Suppose u = 4*d + 4*g - 76, -d + 6*g + 14 = 2*g. Calculate the greatest common factor of 12 and d.
6
Suppose 0 = -3*n - 2*s - 1229, -4*s = -n - 6*s - 411. Let u = 591 + n. Let l(w) = -27*w - 1. Let g be l(-1). What is the greatest common factor of g and u?
26
Let z(o) = -o + 19. Let d be z(14). Suppose -2*i - d*s + 660 = 0, 944 = 3*i + s - 33. Calculate the greatest common divisor of i and 13.
13
Let c = -55 + 22. Let v be (-2 - -1)*-6 - 4. Let n be (-1)/(-2) - c/v. Calculate the greatest common factor of n and 17.
17
Let d be (-83)/1 - (-13 - -17). Let n = -32 - d. Calculate the greatest common divisor of n and 22.
11
Suppose 6 = -2*l, -i + 141 = 4*i + 3*l. Calculate the greatest common factor of 120 and i.
30
Suppose 0 = 5*v + 3*s - 0*s - 65, -v + 30 = 4*s. Suppose 0*u + m = -4*u + 45, m = 5. What is the greatest common factor of u and v?
10
Let c(y) = 319*y**3 + 2*y**2 - 6*y + 5. Let s be c(1). Calculate the greatest common factor of 40 and s.
40
Let h be (-192)/(-90) - 2/15. Suppose 5*c = -4*i + 49 - 5, -h*i = -5*c + 68. Calculate the greatest common factor of c and 48.
12
Let c(k) = 46 - 30 + 22*k**2 - 22*k + k**3 + 14. Let x be c(-23). What is the highest common divisor of x and 49?
7
Suppose 3*z - 2*b - 64 = 12, 0 = -5*z + 5*b + 130. Let x = 9 + -3. Calculate the highest common divisor of z and x.
6
Let n = 74 - 125. Let z = n - -123. What is the greatest common divisor of z and 8?
8
Let n(k) = -3*k**3 + k**2 - 2*k - 3. Let r be n(-1). Suppose -42 = 2*w + l - 214, 0 = -r*l + 12. Calculate the highest common divisor of 12 and w.
12
Let v be 3/(-3 - 6)*0. Let s be 0/(-2) - (v + -6). Suppose 0 = 5*d - d - 144. What is the greatest common divisor of d and s?
6
Let o(p) = -79*p + 3. Let g be o(-5). Let t = g + -262. Let y be (-4)/2*(-17)/2. What is the highest common divisor of y and t?
17
Let t be -10*(-1 - (3 - 0)). Suppose 0 = 2*x - 3*u - 25, 3*x + u = 14 + t. Suppose -x = -3*j + 7. Calculate the greatest common divisor of j and 8.
8
Let i(w) = -w**2 - 19*w - 12. Let c be i(-10). Suppose -10*q + 518 = c. Calculate the greatest common factor of 33 and q.
11
Suppose 18*d - 15*d - 385 = -4*n, -5*n - 595 = -5*d. Calculate the greatest common factor of 82 and d.
41
Suppose -3*d = -649 + 25. Let f(h) = -h**3 + 5*h**2 + 2*h + 2. Let u be f(4). What is the highest common factor of u and d?
26
Suppose -5*q - 56 = -4*b, 0 = -2*q + 4*q. What is the greatest common factor of b and 217?
7
Let r(t) = -2*t - 2. Let o be r(-4). Suppose 0 = -3*f + o. Suppose -3*p = -f*p - 16. Calculate the highest common factor of 16 and p.
16
Let l = -49 - -51. Suppose -2*x + 2*o = -278, l*x + 3*o - 393 = -x. Let u(c) = -c**3 + 8*c**2 + 5. Let y be u(7). What is the greatest common factor of y and x?
27
Let c be (-346)/(-10) + (-22)/(-55). Suppose 3*v - 73 = c. What is the highest common factor of 4 and v?
4
Let x = -34 - -34. Suppose m = 2*o + 51, -5*m - 5*o + 300 = -x*m. Let c = 87 + m. What is the greatest common factor of 16 and c?
16
Suppose v - 37 = 2*j, 0 = 42*v - 44*v + j + 80. What is the greatest common divisor of 1189 and v?
41
Let x = 5 + 0. Suppose 5*s - x*b - 635 = 0, 3*s + 69 = b + 456. Calculate the greatest common factor of s and 52.
26
Let h(y) = -y**3 + 10*y**2 + 7*y - 21. Let g be h(10). What is the highest common factor of 28 and g?
7
Let z(v) = -5*v - 2. Let c(l) = 6*l**3 + l**2 + 2*l + 1. Let k be c(-1). Let m be z(k). What is the highest common divisor of m and 196?
28
Let x be 23*12/(-3) - 2. Let z = 174 + x. What is the greatest common factor of z and 8?
8
Let p(z) = 28*z - 196. Let a be p(10). What is the greatest common divisor of 6 and a?
6
Suppose -321 = -2*x - 0*u - u, 0 = -2*x - 3*u + 311. Let b = 17 + x. What is the highest common divisor of b and 72?
36
Let c(d) be the second derivative of 4*d**3/3 - 4*d. Let w be c(1). What is the highest common factor of w and 1?
1
Let h = -43 + 24. Let c = -29 - h. Let s = c + 14. Calculate the greatest common divisor of 28 and s.
4
Suppose 3*j - 70 - 272 = 3*a, -3*a - 6 = 0. Suppose 2*o - 3*o = -2*q + 26, 5*q - 68 = o. Calculate the highest common divisor of q and j.
14
Suppose 5*z = 10, 0 = 5*v - 4*z + 1 + 2. Suppose 6*s - 3*c = 2*s + 44, -3*s + 33 = 2*c. Calculate the greatest common factor of s and v.
1
Suppose -5*j + 54 = -3*j. Let b be 8/(-8) + 0 + 4. Calculate the highest common divisor of j and b.
3
Let c(l) = -l**2 + 7*l + 1. Let v be c(5). Let s = -16 + 15. Let f = s + 12. What is the greatest common divisor of f and v?
11
Suppose -1285 = -14*g + 479. What is the greatest common factor of g and 14?
14
Suppose -4*m + 8*m + 3*t = 906, 0 = -3*m + 2*t + 688. What is the highest common divisor of 76 and m?
76
Suppose 0 = -h + 2 + 4. Suppose -8*r = -5*r - 45. What is the highest common divisor of h and r?
3
Let j be (96/30 - 3)/((-1)/(-205)). What is the highest common divisor of j and 656?
41
Let v = -434 + 598. Calculate the highest common divisor of v and 4.
4
Let m = -119 - -158. Let z(u) = -u**3 - u + 26. Let i be z(0). What is the greatest common divisor of m and i?
13
Suppose 0 = -0*s - 3*s - d + 578, 2*s = 2*d + 388. Let t = -121 + s. What is the greatest common factor of t and 18?
18
Let v(c) = 2*c**2 - 6*c + 8. Let x be v(3). Calculate the greatest common factor of 16 and x.
8
Let p(j) = -2*j**3 - 9*j**2 - 28*j - 188. Let b be p(-8). What is the greatest common divisor of b and 4?
4
Let f(h) = -h**2 + 16*h + 6. Let a be f(14). Let y = 37 - a. Let v be (-8)/y*36/(-8). Calculate the greatest common factor of 6 and v.
6
Suppose 5*s - 46 = 24. Let o be (-279)/(-5) + (-1)/(-5). What is the highest common factor of o and s?
14
Let t(m) = -7 + 47*m - 5 + 13. Let q be t(1). Suppose 4*l = 8*l - q. Calculate the highest common factor of l and 48.
12
Suppose 6*w - 65 = w. Suppose -4*r = -3*r - w. What is the greatest common divisor of r and 91?
13
Let h be (-92)/10 + (-7 - (-36)/5). Let b be (-2)/h + (-32)/(-18). What is the highest common divisor of b and 20?
2
Suppose -6*t = -t + 5*p - 130, 110 = 3*t - 5*p. Suppose 2*b - 5*b + 47 = 5*i, -5*b - 35 = -3*i. Calculate the highest common divisor of t and i.
10
Let p be 440/13 - 2 - (-2)/13. What is the greatest common factor of 352 and p?
32
Suppose -3*x + 9 = 2*o + o, -4*o = 2*x - 6. Suppose -4*g + 291 + 61 = o. Suppose i - 418 = -18*i. What is the highest common factor of g and i?
22
Let j be (-2592)/(-84) + -13 + 2/14. What is the greatest common factor of 174 and j?
6
Let f(